{"version":"1.0","provider_name":"MICHAEL","provider_url":"https:\/\/www.skolamichael.cz\/en\/","author_name":"Isabel Magdic","author_url":"https:\/\/www.skolamichael.cz\/en\/author\/imagdic\/","title":"Kalend\u00e1\u0159 2026 | MICHAEL","type":"rich","width":600,"height":338,"html":"<blockquote class=\"wp-embedded-content\" data-secret=\"IHjN0qyG0j\"><a href=\"https:\/\/www.skolamichael.cz\/en\/aktualne\/kalendar-2026\/\">Kalend\u00e1\u0159 2026<\/a><\/blockquote><iframe sandbox=\"allow-scripts\" security=\"restricted\" src=\"https:\/\/www.skolamichael.cz\/en\/aktualne\/kalendar-2026\/embed\/#?secret=IHjN0qyG0j\" width=\"600\" height=\"338\" title=\"&#8220;Kalend\u00e1\u0159 2026&#8221; &#8212; MICHAEL\" data-secret=\"IHjN0qyG0j\" frameborder=\"0\" marginwidth=\"0\" marginheight=\"0\" scrolling=\"no\" class=\"wp-embedded-content\"><\/iframe><script>\n\/*! This file is auto-generated *\/\n!function(d,l){\"use strict\";l.querySelector&&d.addEventListener&&\"undefined\"!=typeof URL&&(d.wp=d.wp||{},d.wp.receiveEmbedMessage||(d.wp.receiveEmbedMessage=function(e){var t=e.data;if((t||t.secret||t.message||t.value)&&!\/[^a-zA-Z0-9]\/.test(t.secret)){for(var s,r,n,a=l.querySelectorAll('iframe[data-secret=\"'+t.secret+'\"]'),o=l.querySelectorAll('blockquote[data-secret=\"'+t.secret+'\"]'),c=new RegExp(\"^https?:$\",\"i\"),i=0;i<o.length;i++)o[i].style.display=\"none\";for(i=0;i<a.length;i++)s=a[i],e.source===s.contentWindow&&(s.removeAttribute(\"style\"),\"height\"===t.message?(1e3<(r=parseInt(t.value,10))?r=1e3:~~r<200&&(r=200),s.height=r):\"link\"===t.message&&(r=new URL(s.getAttribute(\"src\")),n=new URL(t.value),c.test(n.protocol))&&n.host===r.host&&l.activeElement===s&&(d.top.location.href=t.value))}},d.addEventListener(\"message\",d.wp.receiveEmbedMessage,!1),l.addEventListener(\"DOMContentLoaded\",function(){for(var e,t,s=l.querySelectorAll(\"iframe.wp-embedded-content\"),r=0;r<s.length;r++)(t=(e=s[r]).getAttribute(\"data-secret\"))||(t=Math.random().toString(36).substring(2,12),e.src+=\"#?secret=\"+t,e.setAttribute(\"data-secret\",t)),e.contentWindow.postMessage({message:\"ready\",secret:t},\"*\")},!1)))}(window,document);\n\/\/# sourceURL=https:\/\/www.skolamichael.cz\/wp-includes\/js\/wp-embed.min.js\n<\/script>\n","thumbnail_url":"https:\/\/www.skolamichael.cz\/wp-content\/uploads\/2026\/01\/kalendar-web.jpg","thumbnail_width":984,"thumbnail_height":984,"description":"M\u00e1me velkou radost, \u017ee kone\u010dn\u011b m\u016f\u017eeme odhalit n\u00e1\u0161 n\u00e1st\u011bnn\u00fd kalend\u00e1\u0159 pro rok 2026. T\u00e9matem leto\u0161n\u00edho ro\u010dn\u00edku je Kdy\u017e barvy tan\u010d\u00ed, kter\u00e9 se prol\u00ednaj\u00ed cel\u00fdm vizu\u00e1ln\u00edm pojet\u00edm kalend\u00e1\u0159e. T\u00e9ma d\u00e1v\u00e1 vyniknout pohybu, emoc\u00edm i kreativit\u011b. Na vzniku kalend\u00e1\u0159e se pod\u00edlely hned \u010dty\u0159i \u0161koly \u2013 \u0160kola Michael, Akademie Michael VO\u0160, V\u0160KK a PCSS. P\u0159ed objektivy na\u0161ich student\u016f [&hellip;]"}

Kalendář 2026 | MICHAEL

<blockquote class="wp-embedded-content" data-secret="IHjN0qyG0j"><a href="https://www.skolamichael.cz/en/aktualne/kalendar-2026/">Kalendář 2026</a></blockquote><iframe sandbox="allow-scripts" security="restricted" src="https://www.skolamichael.cz/en/aktualne/kalendar-2026/embed/#?secret=IHjN0qyG0j" width="600" height="338" title="&#8220;Kalendář 2026&#8221; &#8212; MICHAEL" data-secret="IHjN0qyG0j" frameborder="0" marginwidth="0" marginheight="0" scrolling="no" class="wp-embedded-content"></iframe><script>
/*! This file is auto-generated */
!function(d,l){"use strict";l.querySelector&&d.addEventListener&&"undefined"!=typeof URL&&(d.wp=d.wp||{},d.wp.receiveEmbedMessage||(d.wp.receiveEmbedMessage=function(e){var t=e.data;if((t||t.secret||t.message||t.value)&&!/[^a-zA-Z0-9]/.test(t.secret)){for(var s,r,n,a=l.querySelectorAll('iframe[data-secret="'+t.secret+'"]'),o=l.querySelectorAll('blockquote[data-secret="'+t.secret+'"]'),c=new RegExp("^https?:$","i"),i=0;i<o.length;i++)o[i].style.display="none";for(i=0;i<a.length;i++)s=a[i],e.source===s.contentWindow&&(s.removeAttribute("style"),"height"===t.message?(1e3<(r=parseInt(t.value,10))?r=1e3:~~r<200&&(r=200),s.height=r):"link"===t.message&&(r=new URL(s.getAttribute("src")),n=new URL(t.value),c.test(n.protocol))&&n.host===r.host&&l.activeElement===s&&(d.top.location.href=t.value))}},d.addEventListener("message",d.wp.receiveEmbedMessage,!1),l.addEventListener("DOMContentLoaded",function(){for(var e,t,s=l.querySelectorAll("iframe.wp-embedded-content"),r=0;r<s.length;r++)(t=(e=s[r]).getAttribute("data-secret"))||(t=Math.random().toString(36).substring(2,12),e.src+="#?secret="+t,e.setAttribute("data-secret",t)),e.contentWindow.postMessage({message:"ready",secret:t},"*")},!1)))}(window,document);
//# sourceURL=https://www.skolamichael.cz/wp-includes/js/wp-embed.min.js
</script>

Máme velkou radost, že konečně můžeme odhalit náš nástěnný kalendář pro rok 2026. Tématem letošního ročníku je Když barvy tančí, které se prolínají celým vizuálním pojetím kalendáře. Téma dává vyniknout pohybu, emocím i kreativitě. Na vzniku kalendáře se podílely hned čtyři školy – Škola Michael, Akademie Michael VOŠ, VŠKK a PCSS. Před objektivy našich studentů [&hellip;]
