{"version":"1.0","provider_name":"MICHAEL","provider_url":"https:\/\/www.skolamichael.cz\/en\/","author_name":"kupcovag","author_url":"https:\/\/www.skolamichael.cz\/en\/author\/kupcovag\/","title":"\u0160kola Michael vychov\u00e1v\u00e1 \u0161pi\u010dku sou\u010dasn\u00e9 mlad\u00e9 fotografie | MICHAEL","type":"rich","width":600,"height":338,"html":"<blockquote class=\"wp-embedded-content\" data-secret=\"tWOFAOpgzL\"><a href=\"https:\/\/www.skolamichael.cz\/en\/aktualne\/skola-michael-vychovava-spicku-soucasne-mlade-fotografie\/\">\u0160kola Michael vychov\u00e1v\u00e1 \u0161pi\u010dku sou\u010dasn\u00e9 mlad\u00e9 fotografie<\/a><\/blockquote><iframe sandbox=\"allow-scripts\" security=\"restricted\" src=\"https:\/\/www.skolamichael.cz\/en\/aktualne\/skola-michael-vychovava-spicku-soucasne-mlade-fotografie\/embed\/#?secret=tWOFAOpgzL\" width=\"600\" height=\"338\" title=\"&#8220;\u0160kola Michael vychov\u00e1v\u00e1 \u0161pi\u010dku sou\u010dasn\u00e9 mlad\u00e9 fotografie&#8221; &#8212; MICHAEL\" data-secret=\"tWOFAOpgzL\" frameborder=\"0\" marginwidth=\"0\" marginheight=\"0\" scrolling=\"no\" class=\"wp-embedded-content\"><\/iframe><script>\n\/*! This file is auto-generated *\/\n!function(d,l){\"use strict\";l.querySelector&&d.addEventListener&&\"undefined\"!=typeof URL&&(d.wp=d.wp||{},d.wp.receiveEmbedMessage||(d.wp.receiveEmbedMessage=function(e){var t=e.data;if((t||t.secret||t.message||t.value)&&!\/[^a-zA-Z0-9]\/.test(t.secret)){for(var s,r,n,a=l.querySelectorAll('iframe[data-secret=\"'+t.secret+'\"]'),o=l.querySelectorAll('blockquote[data-secret=\"'+t.secret+'\"]'),c=new RegExp(\"^https?:$\",\"i\"),i=0;i<o.length;i++)o[i].style.display=\"none\";for(i=0;i<a.length;i++)s=a[i],e.source===s.contentWindow&&(s.removeAttribute(\"style\"),\"height\"===t.message?(1e3<(r=parseInt(t.value,10))?r=1e3:~~r<200&&(r=200),s.height=r):\"link\"===t.message&&(r=new URL(s.getAttribute(\"src\")),n=new URL(t.value),c.test(n.protocol))&&n.host===r.host&&l.activeElement===s&&(d.top.location.href=t.value))}},d.addEventListener(\"message\",d.wp.receiveEmbedMessage,!1),l.addEventListener(\"DOMContentLoaded\",function(){for(var e,t,s=l.querySelectorAll(\"iframe.wp-embedded-content\"),r=0;r<s.length;r++)(t=(e=s[r]).getAttribute(\"data-secret\"))||(t=Math.random().toString(36).substring(2,12),e.src+=\"#?secret=\"+t,e.setAttribute(\"data-secret\",t)),e.contentWindow.postMessage({message:\"ready\",secret:t},\"*\")},!1)))}(window,document);\n\/\/# sourceURL=https:\/\/www.skolamichael.cz\/wp-includes\/js\/wp-embed.min.js\n<\/script>\n","thumbnail_url":"https:\/\/www.skolamichael.cz\/wp-content\/uploads\/2024\/04\/434641500_1273508990233495_1744424327020403006_n-1.jpg","thumbnail_width":500,"thumbnail_height":500,"description":"Kdy\u017e z\u00edsk\u00e1te ocen\u011bn\u00ed v\u00a0presti\u017en\u00ed sout\u011b\u017ei Fotograf roku, kterou ka\u017edoro\u010dn\u011b po\u0159\u00e1d\u00e1 Asociace profesion\u00e1ln\u00edch fotograf\u016f \u010cR, je to velk\u00fd \u00fasp\u011bch. Dvacetilet\u00fd Maty\u00e1\u0161 P\u00e1len\u00ed\u010dek, \u010derstv\u00fd absolvent St\u0159edn\u00ed \u0161koly reklamn\u00ed a um\u011bleck\u00e9 tvorby Michael, ned\u00e1vno tuto cenu z\u00edskal, a to v\u00a0kategorii do 30 let. A nen\u00ed to prvn\u00ed velk\u00e9 ocen\u011bn\u00ed, kter\u00e9 obdr\u017eel. P\u0159ed dv\u011bma lety zv\u00edt\u011bzil na festivalu Prague [&hellip;]"}

Škola Michael vychovává špičku současné mladé fotografie | MICHAEL

<blockquote class="wp-embedded-content" data-secret="tWOFAOpgzL"><a href="https://www.skolamichael.cz/en/aktualne/skola-michael-vychovava-spicku-soucasne-mlade-fotografie/">Škola Michael vychovává špičku současné mladé fotografie</a></blockquote><iframe sandbox="allow-scripts" security="restricted" src="https://www.skolamichael.cz/en/aktualne/skola-michael-vychovava-spicku-soucasne-mlade-fotografie/embed/#?secret=tWOFAOpgzL" width="600" height="338" title="&#8220;Škola Michael vychovává špičku současné mladé fotografie&#8221; &#8212; MICHAEL" data-secret="tWOFAOpgzL" frameborder="0" marginwidth="0" marginheight="0" scrolling="no" class="wp-embedded-content"></iframe><script>
/*! This file is auto-generated */
!function(d,l){"use strict";l.querySelector&&d.addEventListener&&"undefined"!=typeof URL&&(d.wp=d.wp||{},d.wp.receiveEmbedMessage||(d.wp.receiveEmbedMessage=function(e){var t=e.data;if((t||t.secret||t.message||t.value)&&!/[^a-zA-Z0-9]/.test(t.secret)){for(var s,r,n,a=l.querySelectorAll('iframe[data-secret="'+t.secret+'"]'),o=l.querySelectorAll('blockquote[data-secret="'+t.secret+'"]'),c=new RegExp("^https?:$","i"),i=0;i<o.length;i++)o[i].style.display="none";for(i=0;i<a.length;i++)s=a[i],e.source===s.contentWindow&&(s.removeAttribute("style"),"height"===t.message?(1e3<(r=parseInt(t.value,10))?r=1e3:~~r<200&&(r=200),s.height=r):"link"===t.message&&(r=new URL(s.getAttribute("src")),n=new URL(t.value),c.test(n.protocol))&&n.host===r.host&&l.activeElement===s&&(d.top.location.href=t.value))}},d.addEventListener("message",d.wp.receiveEmbedMessage,!1),l.addEventListener("DOMContentLoaded",function(){for(var e,t,s=l.querySelectorAll("iframe.wp-embedded-content"),r=0;r<s.length;r++)(t=(e=s[r]).getAttribute("data-secret"))||(t=Math.random().toString(36).substring(2,12),e.src+="#?secret="+t,e.setAttribute("data-secret",t)),e.contentWindow.postMessage({message:"ready",secret:t},"*")},!1)))}(window,document);
//# sourceURL=https://www.skolamichael.cz/wp-includes/js/wp-embed.min.js
</script>

Když získáte ocenění v prestižní soutěži Fotograf roku, kterou každoročně pořádá Asociace profesionálních fotografů ČR, je to velký úspěch. Dvacetiletý Matyáš Páleníček, čerstvý absolvent Střední školy reklamní a umělecké tvorby Michael, nedávno tuto cenu získal, a to v kategorii do 30 let. A není to první velké ocenění, které obdržel. Před dvěma lety zvítězil na festivalu Prague [&hellip;]
