{"version":"1.0","provider_name":"MICHAEL","provider_url":"https:\/\/www.skolamichael.cz\/en\/","author_name":"Isabel Magdic","author_url":"https:\/\/www.skolamichael.cz\/en\/author\/imagdic\/","title":"\u00dasp\u011bch v sout\u011b\u017ei Czech Photo Junior | MICHAEL","type":"rich","width":600,"height":338,"html":"<blockquote class=\"wp-embedded-content\" data-secret=\"PijnQjmOCC\"><a href=\"https:\/\/www.skolamichael.cz\/en\/aktualne\/uspechy\/uspech-v-soutezi-czech-photo-junior\/\">\u00dasp\u011bch v sout\u011b\u017ei Czech Photo Junior<\/a><\/blockquote><iframe sandbox=\"allow-scripts\" security=\"restricted\" src=\"https:\/\/www.skolamichael.cz\/en\/aktualne\/uspechy\/uspech-v-soutezi-czech-photo-junior\/embed\/#?secret=PijnQjmOCC\" width=\"600\" height=\"338\" title=\"&#8220;\u00dasp\u011bch v sout\u011b\u017ei Czech Photo Junior&#8221; &#8212; MICHAEL\" data-secret=\"PijnQjmOCC\" frameborder=\"0\" marginwidth=\"0\" marginheight=\"0\" scrolling=\"no\" class=\"wp-embedded-content\"><\/iframe><script>\n\/*! This file is auto-generated *\/\n!function(d,l){\"use strict\";l.querySelector&&d.addEventListener&&\"undefined\"!=typeof URL&&(d.wp=d.wp||{},d.wp.receiveEmbedMessage||(d.wp.receiveEmbedMessage=function(e){var t=e.data;if((t||t.secret||t.message||t.value)&&!\/[^a-zA-Z0-9]\/.test(t.secret)){for(var s,r,n,a=l.querySelectorAll('iframe[data-secret=\"'+t.secret+'\"]'),o=l.querySelectorAll('blockquote[data-secret=\"'+t.secret+'\"]'),c=new RegExp(\"^https?:$\",\"i\"),i=0;i<o.length;i++)o[i].style.display=\"none\";for(i=0;i<a.length;i++)s=a[i],e.source===s.contentWindow&&(s.removeAttribute(\"style\"),\"height\"===t.message?(1e3<(r=parseInt(t.value,10))?r=1e3:~~r<200&&(r=200),s.height=r):\"link\"===t.message&&(r=new URL(s.getAttribute(\"src\")),n=new URL(t.value),c.test(n.protocol))&&n.host===r.host&&l.activeElement===s&&(d.top.location.href=t.value))}},d.addEventListener(\"message\",d.wp.receiveEmbedMessage,!1),l.addEventListener(\"DOMContentLoaded\",function(){for(var e,t,s=l.querySelectorAll(\"iframe.wp-embedded-content\"),r=0;r<s.length;r++)(t=(e=s[r]).getAttribute(\"data-secret\"))||(t=Math.random().toString(36).substring(2,12),e.src+=\"#?secret=\"+t,e.setAttribute(\"data-secret\",t)),e.contentWindow.postMessage({message:\"ready\",secret:t},\"*\")},!1)))}(window,document);\n\/\/# sourceURL=https:\/\/www.skolamichael.cz\/wp-includes\/js\/wp-embed.min.js\n<\/script>\n","thumbnail_url":"https:\/\/www.skolamichael.cz\/wp-content\/uploads\/2026\/01\/CPJweb.jpg","thumbnail_width":1080,"thumbnail_height":1080,"description":"S velkou radost\u00ed oznamujeme, \u017ee na\u0161i studenti dos\u00e1hli skv\u011bl\u00e9ho \u00fasp\u011bchu na presti\u017en\u00ed fotografick\u00e9 sout\u011b\u017ei Czech Photo Junior, kter\u00e1 ka\u017edoro\u010dn\u011b oce\u0148uje ty nejlep\u0161\u00ed mlad\u00e9 talenty z cel\u00e9 republiky. V konkurenci v\u00edce ne\u017e 1500 p\u0159ihl\u00e1\u0161en\u00fdch fotografi\u00ed z\u00edskala Anna L\u00f6wensteinov\u00e1 2. m\u00edsto a Maty\u00e1\u0161 \u010cech obsadil skv\u011bl\u00e9 3. m\u00edsto. Oba tak prok\u00e1zali nejen mimo\u0159\u00e1dn\u00fd cit pro fotografii, ale [&hellip;]"}

Úspěch v soutěži Czech Photo Junior | MICHAEL

<blockquote class="wp-embedded-content" data-secret="PijnQjmOCC"><a href="https://www.skolamichael.cz/en/aktualne/uspechy/uspech-v-soutezi-czech-photo-junior/">Úspěch v soutěži Czech Photo Junior</a></blockquote><iframe sandbox="allow-scripts" security="restricted" src="https://www.skolamichael.cz/en/aktualne/uspechy/uspech-v-soutezi-czech-photo-junior/embed/#?secret=PijnQjmOCC" width="600" height="338" title="&#8220;Úspěch v soutěži Czech Photo Junior&#8221; &#8212; MICHAEL" data-secret="PijnQjmOCC" frameborder="0" marginwidth="0" marginheight="0" scrolling="no" class="wp-embedded-content"></iframe><script>
/*! This file is auto-generated */
!function(d,l){"use strict";l.querySelector&&d.addEventListener&&"undefined"!=typeof URL&&(d.wp=d.wp||{},d.wp.receiveEmbedMessage||(d.wp.receiveEmbedMessage=function(e){var t=e.data;if((t||t.secret||t.message||t.value)&&!/[^a-zA-Z0-9]/.test(t.secret)){for(var s,r,n,a=l.querySelectorAll('iframe[data-secret="'+t.secret+'"]'),o=l.querySelectorAll('blockquote[data-secret="'+t.secret+'"]'),c=new RegExp("^https?:$","i"),i=0;i<o.length;i++)o[i].style.display="none";for(i=0;i<a.length;i++)s=a[i],e.source===s.contentWindow&&(s.removeAttribute("style"),"height"===t.message?(1e3<(r=parseInt(t.value,10))?r=1e3:~~r<200&&(r=200),s.height=r):"link"===t.message&&(r=new URL(s.getAttribute("src")),n=new URL(t.value),c.test(n.protocol))&&n.host===r.host&&l.activeElement===s&&(d.top.location.href=t.value))}},d.addEventListener("message",d.wp.receiveEmbedMessage,!1),l.addEventListener("DOMContentLoaded",function(){for(var e,t,s=l.querySelectorAll("iframe.wp-embedded-content"),r=0;r<s.length;r++)(t=(e=s[r]).getAttribute("data-secret"))||(t=Math.random().toString(36).substring(2,12),e.src+="#?secret="+t,e.setAttribute("data-secret",t)),e.contentWindow.postMessage({message:"ready",secret:t},"*")},!1)))}(window,document);
//# sourceURL=https://www.skolamichael.cz/wp-includes/js/wp-embed.min.js
</script>

S velkou radostí oznamujeme, že naši studenti dosáhli skvělého úspěchu na prestižní fotografické soutěži Czech Photo Junior, která každoročně oceňuje ty nejlepší mladé talenty z celé republiky. V konkurenci více než 1500 přihlášených fotografií získala Anna Löwensteinová 2. místo a Matyáš Čech obsadil skvělé 3. místo. Oba tak prokázali nejen mimořádný cit pro fotografii, ale [&hellip;]
